visor of n and 1108?
4
Let r = -51536 + 51581. Suppose -4*b - b - 5 = 0, 521 = 5*a + 4*b. Calculate the highest common factor of r and a.
15
Suppose 4*o = -5*q + 1282, -4*q + 193 = o - 122. Let m = 345 - o. What is the greatest common factor of 352 and m?
22
Let f be 1*415 - (24 + -63 + 38). What is the greatest common divisor of 26 and f?
26
Suppose -4*z - 24 = -4*m - 72, 4*m = -2*z + 18. Let o(s) = -4*s + 116. Let x be o(z). Calculate the highest common factor of 792 and x.
72
Let g(a) = 4*a**3 - 4*a**2 + 4*a - 4. Let s = -12 - -13. Suppose 0 = -4*o - s + 9. Let f be g(o). Calculate the highest common factor of f and 8.
4
Let n be (-3900)/(-66) + (-2)/22. What is the highest common divisor of 2419 and n?
59
Let y be (1900/(-40))/19 - ((-198)/4 + 0). Calculate the greatest common divisor of y and 27448.
47
Let t(l) = 3253*l + 19526. Let i be t(-6). What is the highest common factor of 934 and i?
2
Let b be (0 + 1)*(-6 - -3 - -146). Suppose 39*f - 46*f = -77. Calculate the greatest common divisor of f and b.
11
Let y be (-62)/(-32) + 1/16. Let f(q) = q**2 + 5*q + 4. Let u = -6 + 0. Let v be f(u). Calculate the greatest common divisor of y and v.
2
Suppose 2*a + 2*f - 15 = -47, 52 = -5*a + 2*f. Let r(t) = t**3 - 10*t - 6. Let d be r(0). Let x be d/(2*a/176). What is the highest common factor of 4 and x?
4
Suppose 27*t + 15686 = 69173. What is the highest common divisor of t and 56?
7
Suppose 118*n - 73*n - 76*n + 19096 = 0. What is the greatest common divisor of n and 176?
88
Let i = 1094 - 591. Let o = -413 + i. Calculate the highest common divisor of 80 and o.
10
Let p be (25/(-35) - -1)*(-3 - -66). What is the greatest common divisor of p and 1854?
18
Let r be (10/25)/(9/2160). Let d = -43 - -75. Calculate the greatest common factor of d and r.
32
Let p = -6978 - -7020. Suppose -3*v - 5*v = -112. Calculate the highest common factor of v and p.
14
Suppose 0 = -5*v - 5*o + 6*o + 9, -5*v = -4*o - 6. Suppose -7 = v*a - 59. What is the highest common factor of 169 and a?
13
Let r = -56 - -73. Suppose -r*l + 13*l + 8 = 0. Calculate the highest common divisor of 22 and l.
2
Let l(a) = -a**2 + 4*a - 2. Let s be l(2). Let r(k) = 166*k**3 - k**2 + 1. Let u be r(-1). Let f = u + 168. Calculate the highest common factor of s and f.
2
Let x = -258 + 258. Suppose x = 3*s - 0*s - 5*c - 283, 5*s = -3*c + 449. Calculate the greatest common divisor of s and 143.
13
Suppose 32*a - 626 = 494. Calculate the highest common factor of 3395 and a.
35
Suppose 2*c + 135 = -c. Let u = 55 + c. Suppose u = -5*f, -y - f + 5 + 53 = 0. Calculate the highest common factor of 150 and y.
30
Let w(y) be the second derivative of y**4/12 + 7*y**3/6 + 9*y**2/2 + 17*y. Let n be w(-2). Let c be n*17/(-3)*3. What is the highest common divisor of c and 85?
17
Suppose -55386 = -34*q + 8364. What is the greatest common divisor of q and 15?
15
Suppose w - 2*w = -7. Suppose -2*h = -3*h + 3*d + 80, 0 = -3*h - 5*d + 170. Let r = h - 44. What is the greatest common factor of w and r?
7
Let v be (-172)/(-2)*23865/1290. Calculate the greatest common divisor of 1 and v.
1
Let o(w) = 20*w**2 - 32*w + 13. Let p be o(1). Let m be 1 + 1 + 57/1. Calculate the highest common factor of m and p.
1
Let k = 28 - 37. Let f be 123 + (k - 18/(-3)). Calculate the greatest common factor of f and 24.
24
Suppose -5*v + 60 = 9*y - 14*y, 18 = 2*v - 5*y. Let w(m) = -4*m**2 + 55*m + 23. Let n be w(v). Calculate the greatest common divisor of n and 63.
9
Suppose -9660*j + 9640*j + 59700 = 0. What is the highest common factor of 45 and j?
15
Let x be ((-990)/(-594))/(10/54). Calculate the greatest common divisor of x and 21.
3
Suppose 2*d + 2*n = -16, 9*d = 7*d - 4*n - 20. Let f be ((-111)/d + -1)*(-20)/(-25). What is the greatest common divisor of 189 and f?
7
Let y be (27*1)/(9 + 105/(-12)). Let x = 22 - -59. What is the greatest common factor of y and x?
27
Let l be 164 + 11/(99/(-72)). What is the highest common factor of l and 768?
12
Let l(s) = 3*s + 55. Let d be l(-24). Suppose 3*m + 1 = 82. Let o = d + m. Calculate the greatest common factor of 110 and o.
10
Let x be (60/9)/(-3 + 235/75). What is the greatest common factor of x and 12850?
50
Suppose k = 4*n - 27, -3*n = -k - 3*k - 17. Suppose -n*o = 1091 + 1492. Let m be o/(-3) + (-3)/(-1). What is the highest common divisor of m and 42?
42
Let y(v) = -8*v**3 - 314*v**2 - 114*v + 81. Let i be y(-39). What is the highest common divisor of i and 385?
55
Let l = -555 + 557. What is the greatest common divisor of l and 934?
2
Let x(b) = -237 - 6*b**2 + 12*b + 407 + 5*b**2. Let z be x(-8). What is the greatest common divisor of z and 5?
5
Let x(b) = -3*b**2 + 44*b + 17. Let c be x(15). Suppose 4*j - 5*u = 107, 3*j - c*u + 0*u = 75. Calculate the highest common factor of 299 and j.
23
Let n be (-56)/(-12)*(-141)/(-47). Calculate the highest common factor of n and 7014.
14
Let f = 21697 + -21538. What is the highest common factor of f and 20352?
159
Suppose -55*i = -36*i + 111 - 434. Calculate the greatest common divisor of i and 153.
17
Let j = 6126 - 6057. Calculate the highest common divisor of j and 2553.
69
Let d be (-5052)/(-18) + (-4)/6. Let o be (22/44)/((-2)/(-4)). Let b be (o + (-13)/(-1))/((-1)/(-2)). What is the highest common divisor of d and b?
28
Suppose -2*h + 7552 = -36592. Suppose -24*a = 5872 - h. Calculate the greatest common divisor of a and 75.
75
Let n(u) = u - 2. Suppose 4*j - 26 = -9*j. Let q(x) = 1. Let s(m) = j*n(m) + 3*q(m). Let b be s(2). Calculate the highest common factor of 27 and b.
3
Let y(k) = -k**2 - 13*k. Suppose -2*b - 3*w - 14 = 0, w + 7 = -b - 1. Let p be y(b). Calculate the greatest common divisor of p and 255.
15
Suppose -658 = -5*g + 4*z, 5*g = 5*z + 488 + 172. Let y = g + -100. What is the highest common factor of 255 and y?
15
Let w = -739 + 740. Suppose 0 = 4*q - 59 - w. Calculate the greatest common factor of q and 2.
1
Suppose i + f = -2, -5 + 13 = -5*i - 4*f. Suppose i = -7*v + 8*v - 27. Calculate the highest common divisor of v and 3.
3
Suppose 20 = 72*p - 67*p. Let r be 4/(-22) + p/22. Suppose 20*n - 19*n - 11 = r. What is the greatest common factor of n and 143?
11
Suppose -4*x + 4 = 0, -5*x + 9*x - 488 = -k. What is the highest common divisor of k and 396?
44
Let t(m) = -4*m - 17. Let u be t(-4). Let j = u - -8. Let i(k) = -k**3 + 7*k**2 + 8. Let z be i(j). Calculate the greatest common factor of z and 8.
8
Suppose 386 - 7262 = -143*y - 48*y. Calculate the highest common divisor of 1782 and y.
18
Suppose 5*x + c = 21699, -5*x - 975*c = -972*c - 21697. What is the greatest common divisor of 980 and x?
140
Suppose -186 = -4*m + 3*c, 0 = 15*m - 16*m - 5*c + 12. What is the greatest common divisor of m and 2982?
42
Let t be 178 - ((-5)/3)/((-16)/48). Calculate the greatest common divisor of t and 6055.
173
Let a = 84027 - 83962. Let t(n) = 205*n + 5. Let o be t(6). What is the highest common factor of o and a?
65
Let i(z) = -z**2 + 42*z - 16. Let n be i(17). Let f = -395 + n. Calculate the greatest common divisor of f and 189.
7
Let o(i) = 3*i**2 + 21*i + 42. Let z be o(-6). Suppose 4*q - 6*q + z = 0. What is the greatest common divisor of 20 and q?
4
Suppose 4*s - 54 = s. Suppose 0 = 5*w + 4*n - 1232, -w = 13*n - 10*n - 231. Calculate the highest common factor of w and s.
18
Let h(y) = -39*y + 104. Let i be h(9). Let l = i - -251. What is the greatest common divisor of 18 and l?
2
Suppose -5*l = -30 - 110. Let r(s) = -15*s - 4. Let b(i) = -47*i - 12. Let q(g) = 2*b(g) - 7*r(g). Let x be q(6). What is the highest common divisor of x and l?
14
Let y be 2 - (-79584)/(6 - -10). What is the greatest common factor of 16 and y?
16
Let u(m) = 36*m**3 + m**2 + 738*m - 4400. Let j be u(6). Calculate the greatest common factor of j and 240.
80
Let y(c) = 8*c**2 - 11*c + 37. Let v be y(4). Suppose -s - o + 34 + v = 0, 3*s - 4*o = 472. Calculate the greatest common divisor of 12 and s.
12
Suppose -5*z - 90 = 5*q, z - 21 - 9 = 2*q. Let b = q + -14. Let j = -27 - b. What is the greatest common divisor of 27 and j?
3
Suppose 28*t - 10*t + 93 = 237. Let h(s) = 4*s**3 - 2*s**2 - 2*s + 4. Suppose -4*g = -9*g + 15. Let f be h(g). Calculate the greatest common factor of f and t.
8
Let x(f) = -76*f - 411. Let l be x(-7). What is the 